ue
Let x = 6 + 0. Is 1436/x + 2/(-6) composite?
False
Let q(w) = 4*w**2 + 31*w - 5. Is q(-22) a prime number?
True
Is 1319076/28 + 88/77 prime?
True
Suppose -2*a - 5*z = -33, 5*a + 5*z - 40 = z. Suppose -a*u + 426 = -730. Is u a prime number?
False
Let p(u) = u**3 - 3*u**2 - 2*u - 3. Let y be p(4). Suppose -s = 4, y*s + 86 = 2*o - 0*o. Is o composite?
True
Let q(z) = -105*z**3 - 7*z**2 - 18*z - 43. Is q(-7) a composite number?
True
Let h(j) = -j**3 + 13*j**2 - 4*j - 3. Let z(y) = -y**2 + 1. Let a(d) = h(d) + 3*z(d). Is a(7) a composite number?
True
Let a(m) = m**3 - 10*m**2 + 8*m + 13. Let f be a(9). Suppose -4 = 2*d - f*d. Suppose y + 5 = 0, q + 3*q - 150 = d*y. Is q prime?
False
Suppose -71*g + 87*g - 37712 = 0. Is g a prime number?
True
Suppose 13*w - 280970 = 92039. Is w a composite number?
True
Let j be (-5)/(-2*(-1)/2). Is 887 + (-12)/(j - 1) prime?
False
Let x(g) = -g**2 - 16*g + 12. Let u be x(-8). Let m = u + -67. Is m prime?
False
Let n(b) = b**3 + 10*b**2 - 12*b. Let c be n(-11). Let z(x) = 16 - 4 + 7*x + x**3 - 8*x**2 - 3*x**2. Is z(c) a composite number?
False
Suppose 0 = 2*k - 5*d + d - 24, -k = 3*d - 17. Let o(z) = -k - 14*z - 3*z + 2*z. Is o(-4) a prime number?
False
Let a be (-4 + (3 - 0))*0. Let n = a - -6. Let v(m) = 3*m + 5. Is v(n) composite?
False
Let l(c) = 42*c - 2. Let a = 17 + -15. Let m be l(a). Suppose -2*b = 3*f + 3*b - 270, -f = -b - m. Is f a composite number?
True
Let w(z) = -1389*z**2 - 5*z + 1. Let y be w(2). Let s = -2981 - y. Suppose 4*i = 33 - 13, s = 4*q + 4*i. Is q composite?
False
Let k(l) = 6*l**2 - 8*l. Let t(c) = c + 1. Let a(p) = k(p) + t(p). Suppose 12 = -y - y. Is a(y) composite?
True
Suppose 404 - 2753 = 3*u. Let x = u - -1316. Suppose 4*o - 5*i = x, -o - 2*o = -2*i - 391. Is o prime?
True
Is (-388)/4*-42 - 5 composite?
True
Let p(x) = -x - 3. Let m(k) = k**3 + 9*k**2 - k - 4. Let h be m(-9). Let g(d) = -1. Let o(y) = h*g(y) - 2*p(y). Is o(3) prime?
True
Suppose -869 - 1241 = -5*j. Suppose 5*z + 4*h - j = 0, z - 67 = -0*h + 5*h. Suppose -z = -s + 133. Is s a prime number?
False
Let o = -9 - -18. Let h be ((-30)/(-7))/(-2 + 186/84). Let y = h - o. Is y composite?
False
Suppose 2 - 7 = -5*z. Let c be (-2)/(z*(-2)/3). Is 130*(4 - c) - 3 a composite number?
False
Let z = 30 + -16. Let t be 24/z + (-4)/(-14). Suppose -t*j + 3*i = -514, 5*i + 91 - 348 = -j. Is j a prime number?
True
Let h = 3436 - -81. Is h prime?
True
Suppose 3*b = 5*g - 3 - 22, b = -5. Suppose 116 = -4*o + 504. Suppose m - g*m = -o. Is m a composite number?
False
Let v(d) = d**2 + d + 1. Suppose 19 = -4*p - 5. Let h(s) = -8*s**2 - 9. Let r(i) = p*v(i) - h(i). Is r(4) composite?
False
Let a(l) = 2*l**2 - l + 8. Let w be a(13). Let h = 520 + w. Is h a prime number?
True
Suppose -2*q = -2*o - 20, -4*o = -2*o + 10. Suppose -q*j + 3543 = -2752. Is j prime?
True
Suppose -t + 6 = -0. Suppose 0*w + 2*w = 6. Suppose 0 = -w*g - t + 24. Is g a composite number?
True
Let k = -2114 - -1192. Let j be k*(-3)/(-12)*-2. Suppose -4*o - j = -3*q, q + 2*o = 5*o + 147. Is q a prime number?
False
Let y be 4/(-24)*4*-3. Suppose y*d + 0 = -4. Is ((-446)/(-1))/(4 + d) a prime number?
True
Suppose 5*y + 5*z = 2770, 7*z - 4*z + 9 = 0. Suppose -2047 = -5*x - y. Is x a composite number?
True
Let l(h) = 3*h**3 - 2*h**2 - 8*h - 4. Let n = -15 - -22. Is l(n) composite?
True
Let m = 1886 + -1131. Is m composite?
True
Suppose -449*g + 38297 = -442*g. Is g a prime number?
True
Let x(p) = 40*p - 35. Let w = 58 + -48. Is x(w) a prime number?
False
Let x = 14 + -4. Let y(i) = i**3 - 6*i**2 - 11*i - 2. Let f be y(x). Suppose 78 + f = 2*o. Is o composite?
True
Let u = -210 + 207. Let i(l) be the second derivative of -l**5/4 + l**3/6 + 7*l**2/2 - l. Is i(u) prime?
True
Suppose 5 = 5*o, -125 = 4*g + 2*o + 21. Is 34/(-4)*(g + -1) a prime number?
False
Let x be -288*(-2 - -1)*-1*-1. Suppose -g + 131 + x = 0. Is g a prime number?
True
Suppose -3*y = 6*y. Suppose -8*h + 13*h - 10 = y. Suppose -5664 = -4*p + 5*l, 2*p - l = -h*p + 5648. Is p a prime number?
False
Suppose 9*w - 4*w = -10. Let j(m) = -m**2 + 2. Let a be j(w). Is (a - -42) + (-3)/1 composite?
False
Suppose -11*h = -30*h + 814397. Is h a composite number?
False
Let i(g) = g**2 - g - 10. Let y be i(8). Let s = -8 + 7. Is -3 + (3 + s)*y a composite number?
False
Let a(h) = 13*h**2 + 32*h + 13. Is a(-10) a prime number?
False
Let g(d) = 7*d**3 + 3*d**2 + 8*d + 3. Let i(r) = -3*r**3 - 2*r**2 - 4*r - 2. Let p(t) = -2*g(t) - 5*i(t). Let j be p(-3). Is j - 11/((-44)/2080) composite?
False
Suppose -5*s = 2*s - 3850. Let j = -319 + s. Suppose 2*y - 271 = j. Is y prime?
True
Let o be (25/(-3))/(19/(-57)). Let w = o - 23. Suppose 3*r - 5319 = -4*u, 3*u - 2660 = u - w*r. Is u composite?
True
Let p(y) be the third derivative of -24*y**6/5 + y**5/60 + y**4/24 - 2*y**2. Let k be p(-1). Suppose -111 = 5*f - k. Is f prime?
False
Let x(f) = -f**3 - 17*f**2 - 8*f - 27. Let y be x(-12). Let h = 1104 + y. Is h a composite number?
True
Suppose -9243 + 68163 = 4*a. Suppose -11*i = -21163 - a. Is i composite?
True
Suppose 113835 = 4*s + 5*g, s - 3174 = g + 25296. Is s a prime number?
False
Suppose -2*d - 14 = -4*q - 220, -d - 3*q + 83 = 0. Is d a prime number?
False
Let s(x) = -6352*x**3 - 13*x - 21. Is s(-2) a composite number?
False
Let x be (-12)/9 + (-8 - 275/(-33)). Suppose -2*o - 2*o = -12. Is -89*(-2 + o)/x prime?
True
Let f be (93/(-9))/((-2)/126). Suppose 195 = d - f. Let r = 1207 - d. Is r a composite number?
True
Suppose 5*u - 5 = 5*t, -5*u + 2 = -t + 1. Let p be (-1)/(216/(-213) - t). Let q = p + -12. Is q composite?
False
Let y(v) = -279*v + 2. Let x be y(-3). Suppose 3*j + 24 = 15*j. Suppose -j*i + 0*r = r - 421, 0 = -4*i - 5*r + x. Is i a prime number?
True
Let w = -129 + 54. Let a = w - -126. Is a a prime number?
False
Suppose 72684 = 4*n - 4448. Is n a prime number?
False
Let c = 3 + 8. Suppose -4 = -3*s + c. Suppose -3252 = -4*j + 3*d + 2*d, 0 = s*j + d - 4065. Is j composite?
True
Let h = 2053 - -2568. Is h prime?
True
Suppose 3*f - 11*f + 40 = 0. Suppose -182 = 3*y - f*y. Suppose -4*x - y = -2*n + n, 2*n + 2*x = 152. Is n a composite number?
False
Let d be 2 + (-1)/((-2)/(-4)). Suppose 0 = -2*z - 2*w + 26170, w + 39255 = 3*z - d*z. Is z composite?
True
Is 0 + -1 - -675*6 prime?
True
Let k = 4513 + -2306. Is k composite?
False
Let s(x) be the first derivative of -x**4/4 - 23*x**3/3 + 9*x**2 + 33*x + 6. Is s(-24) composite?
True
Let g(z) = -4*z**2 + z**3 + 0*z**3 + 7 - 28*z + 19*z**2. Is g(-15) a composite number?
True
Let j be -283*5 - (-3)/(-6)*6. Is (-4 + (-44)/(-8))*j/(-3) prime?
True
Suppose 3*c - 4526 = c. Let x = c - 1074. Is x a prime number?
False
Let o(a) = -a + 2. Let c be o(0). Let q be 3 - (10 + -2 + c). Is ((-326)/(-4))/(q/(-14)) prime?
True
Is (-8)/36 + 0 + 1192090/18 a prime number?
False
Suppose 3*w = 9*w. Suppose -7*h + h + 5394 = w. Is h prime?
False
Let c be (-5538)/(-27) - ((-10)/18)/(-5). Suppose -2*q = 5*v - 2*v - 16, -v + 8 = -2*q. Let m = v + c. Is m a prime number?
True
Let t(u) = u**3 - 7*u**2 + 12*u - 2. Let a be t(5). Let r(m) = 31*m + 1. Is r(a) a composite number?
True
Let z = -5 + -2. Let a(r) = 16*r**2 + 22*r + 5. Is a(z) a prime number?
False
Suppose -1031 = -3*r - 68. Suppose 2*j - j - r = 0. Is j composite?
True
Let y(p) = -2*p**3 - 29*p**2 - 13*p + 61. Is y(-20) a composite number?
False
Suppose 3*s = -3*t + 5*s + 58207, -4*t - 2*s = -77628. Is t a composite number?
True
Suppose 0 = d + 2*u - 4*u - 10711, -3*d + 5*u + 32135 = 0. Is d a prime number?
False
Suppose -5*c = y + 9 + 430, -4*c = 8. Let q = 861 - 229. Let o = y + q. Is o prime?
False
Let i(l) = 3*l**2 + 16*l + 7. Let d(m) = -m**3 - m**2 + m - 8. Let o(f) = -f**2 - 5*f + 6. Let s be o(-6). Let c be d(s). Is i(c) a composite number?
False
Let l = -35777 + 55131. Is l a composite number?
True
Let v(q) = 20*q - 2. Suppose -30 = -3*c - 2*c. Is v(c) a composite number?
True
Let b = 24 + -92. Is b*(1 - 81/12) a composite number?
True
Is (-60)/(-52) + -1 + (-37931046)/(-442) a composite number?
False
Let m(l) be the second derivative of 19*l**3/2 + 37*l**2/2 - 13*l. Is m(6) prime?
True
Let a(r) = 107192*r + 5. Is a(1) a prime number?
True
Suppose -118712 = -6*w + 61570. Is w a prime number?
True
Let n = -15 + 127. Let v = n - -479.